o + v. What is the remainder when 76 is divided by z?
24
Suppose -5*p - 4*z = -21 + 2, -3*p - z + 17 = 0. What is the remainder when 20 is divided by p?
6
Let d(s) = -s**3 - 6*s**2 - 2*s - 8. Let u be d(-6). Calculate the remainder when 47 is divided by (9 - u)*24/10.
11
Let k(b) = b**2 + 6*b + 6. Suppose -g - 2*g - 21 = 0. What is the remainder when k(g) is divided by (-14)/(-2 - (-2 + 2))?
6
Suppose 3*a + u = 93, -2*a + 19 = -u - 38. Let m = -14 + 25. Calculate the remainder when a is divided by m.
8
Suppose 9*h + 128 = 17*h. What is the remainder when h is divided by 14?
2
Calculate the remainder when 1/7 - 18/(-21) is divided by 1.
0
Let d = 4 + 5. What is the remainder when 30 is divided by (-30)/d*48/(-10)?
14
Suppose -4*l - 28 = -5*h, 4*l + 9 = 4*h - 15. Let q(j) = 3*j + 2. Calculate the remainder when q(4) is divided by 2/h + (-30)/(-4).
6
Let f = 52 + -25. Suppose -h = -2*b - 17, 5*b + 5 + 13 = -h. Calculate the remainder when f is divided by h.
6
Let c = 28 + -20. Calculate the remainder when c is divided by 6.
2
Suppose 0*m - z + 28 = m, 5*m - 119 = 2*z. Let q be -2*(-5)/(-6)*-3. What is the remainder when m is divided by (-52)/(-16)*(q + -1)?
12
Let k(c) = 3*c**2 - 4. What is the remainder when k(3) is divided by 8?
7
Let o(u) = -u**2 - 13*u + 5. Let w be o(-10). Suppose 2*l + 0*i = -4*i + 20, -i + 6 = l. Calculate the remainder when w/4*2*l is divided by 12.
11
Calculate the remainder when (-2 - -1)/((5 - 2)/(-138)) is divided by 19.
8
Suppose -b - 3*b + 88 = 0. Suppose -4*f + 34 = -b. Suppose -11 = -5*i + f. Calculate the remainder when 8 is divided by i.
3
Let j = 90 + -53. Calculate the remainder when j is divided by 10.
7
Let l = 3 - -4. Let m(x) = 1. Let y(c) = c + 10. Let i(v) = -44*m(v) + 4*y(v). What is the remainder when i(6) is divided by l?
6
Let d(l) = l + 7. Let m(c) = 2*c**2 - 3. Let a be m(-3). Suppose -z + a = 4*z. What is the remainder when z is divided by d(-5)?
1
Suppose 0 = 5*n - 5, -17 = -2*c - 3*n + 76. Suppose 3*f = c - 9. What is the remainder when 35 is divided by f?
11
Let m be 2/(-13) - (-3867)/39. Let g = 20 + -13. Calculate the remainder when (-134)/(-11) + (-18)/m is divided by g.
5
Suppose -4*o + 3*o - 3 = 0. Let z = o + 4. Calculate the remainder when 2 is divided by z.
0
Let s(j) = j**3 - 8*j**2 + 1. Suppose -7 = 2*t + 3, 0 = 3*g - 4*t - 26. Let k be ((g + -18)/(-2))/1. Calculate the remainder when 2 is divided by s(k).
0
Let d = -5 - -8. Suppose k + p = d*k, 3*k = -4*p. Suppose -2*q + 4 = 0, k*i + 2*q - 24 = -5*i. What is the remainder when 7 is divided by i?
3
Let d = 142 - 100. Calculate the remainder when d is divided by 23.
19
Suppose 9 + 4 = q - 2*u, -5*q + 65 = u. What is the remainder when q is divided by 1*(11 + -2 + -2)?
6
Let b = 54 + -24. What is the remainder when b is divided by 8?
6
Let h = 57 + -29. Let v = h - 10. What is the remainder when 53 is divided by v?
17
Let y(z) = 3*z**2 + 9*z + 5. Let b(w) = 4*w**2 + 9*w + 6. Let q(c) = -4*b(c) + 5*y(c). What is the remainder when 16 is divided by q(8)?
7
Let v = 35 + 42. Calculate the remainder when v is divided by 26.
25
Let o be (-91)/(-28) + 1/(-4). Let j(d) = 5*d**2 - 5*d + 2. Suppose 70 = 5*c - 5*r, -36 = -3*c - 2*r + 3*r. What is the remainder when j(o) is divided by c?
10
Suppose 2*h = -h + 2*v + 72, 0 = -4*h - 4*v + 76. Let j = -303 - -316. What is the remainder when h is divided by j?
9
Let f(u) = 14*u**2 - u. Let b = 12 - 13. What is the remainder when f(b) is divided by 6?
3
Let h = -2 - -4. Suppose 57 + 7 = h*n. What is the remainder when n is divided by 11?
10
Suppose -5*m - 3*g + 282 = 0, 35 - 95 = -m + 3*g. What is the remainder when m is divided by -10*(-1 - 4/8)?
12
Suppose -1 = -2*q + 29. Calculate the remainder when q is divided by 4.
3
Let b(g) = -12*g - 1. Suppose -3*x - 4 = x. What is the remainder when 20 is divided by b(x)?
9
Calculate the remainder when (-88 - -2)*(-6)/12 is divided by 15.
13
Suppose k + 3*k = x + 22, 0 = 4*k + 4*x - 32. Suppose -4*h + 6*h = 4. What is the remainder when 2/h*(-1 - -17) is divided by k?
4
Let q(v) = -7*v**3 - 11*v**2 - 6*v + 6. Let i(b) = 8*b**3 + 12*b**2 + 6*b - 7. Let r(d) = 6*i(d) + 7*q(d). Calculate the remainder when 15 is divided by r(-4).
7
Let u(a) be the first derivative of a**3/3 + 2*a**2 + 3*a - 1. Let h be u(-4). Let o = 23 + h. What is the remainder when o is divided by 9?
8
Let z be (0 - -2) + 0 - -3. Suppose -3*q + z*q - 20 = 0. Calculate the remainder when (-35)/(-2) + 2/(-4) is divided by q.
7
Suppose -9*j + 7*j + 90 = 0. What is the remainder when j is divided by 16?
13
Suppose -3*s - 20 = -8*s. Let w be (3 - 21/6)*s. Let p = 7 + w. Calculate the remainder when p is divided by 3.
2
Let a be (-2)/(2/(-136)*2). Suppose -a + 12 = -4*d. Suppose 0*f - 10 = -2*f. Calculate the remainder when d is divided by f.
4
Suppose 3*o + 5*g + 40 = 0, -o - 4*g + 0*g = 11. Let x = -10 - o. Suppose 2*d = -x*f + 3, f + 3 = -0*f. What is the remainder when 33 is divided by d?
6
Let u(x) = x**3 - 4*x**2 + 4*x - 1. Let j be u(3). Let i = 29 + j. Suppose 5*s - m = 51, 2*m - 24 = -4*s + 28. What is the remainder when i is divided by s?
9
What is the remainder when 65 is divided by 1/(-1)*(-3 + -14)?
14
Let p(n) = 4*n - 27. Calculate the remainder when p(11) is divided by 9.
8
Suppose -8 = -3*s + 4*d + d, 2*s + d - 14 = 0. What is the remainder when 16 is divided by s?
4
Suppose -3 = -2*h + 5*h, 5*r - 5 = -5*h. Suppose r*i + 20 = c, 2 = i - c + 13. What is the remainder when 5 is divided by (-6)/i*3 - -1?
2
Let l = 8 + -9. What is the remainder when 11 is divided by (7*1)/(l - -2)?
4
Suppose -x - 6 = -14. What is the remainder when 50 is divided by x?
2
Suppose -2*j + 0*j + 84 = -3*o, 5*o + 200 = 5*j. Suppose -k - 2*k = -j. What is the remainder when 34 is divided by k?
10
Suppose -3*u - 1 + 7 = p, -4*p - 2*u = -54. Suppose 0 = -2*m - 0*m - t + 6, -m - 3*t = 2. Calculate the remainder when p is divided by m.
3
Suppose m + 20 = 3*m + 3*v, -3*m - 2*v + 25 = 0. Suppose 3*a - m = 17. Suppose 3*w = -12*w + 225. Calculate the remainder when w is divided by a.
7
Suppose 0 = 7*h - 3*h - 80. What is the remainder when 78 is divided by h?
18
Let x = 28 + 15. What is the remainder when 85 is divided by x?
42
Suppose 5*y = -121 + 366. Calculate the remainder when (-2 - -3)*y + 1 is divided by 13.
11
Let a(c) = 69*c**2 - 8*c + 13. What is the remainder when a(2) is divided by 69?
66
Suppose -4*g = -7*j + 2*j - 26, -3*g + j = -14. Suppose -2*o = g*n - 20, -n + 4 = -1. Suppose o = 4*c + 5 - 17. What is the remainder when 8 is divided by c?
2
Let z(s) = -s**3 + 6*s**2 + 7*s - 5. Let r be 8/(3 + -1 + 0). Let x(w) = 5*w**2 - 3*w. What is the remainder when z(r) is divided by x(2)?
13
Suppose 3*w + 0*w - 4*p = 0, w - 5*p = 0. Suppose 4*t - 107 + 7 = w. Let m = 253 - 240. What is the remainder when t is divided by m?
12
Let d be 0 - (-3 + 0/(-3)). Suppose -3*c = -i - 127, -2*c + 25 + 69 = -d*i. Calculate the remainder when c is divided by 14.
13
Calculate the remainder when (-188)/((-2)/(-1))*(-4 + 3) is divided by 33.
28
Calculate the remainder when 45 is divided by 1*9/(-3) + 15.
9
Let z = 9 + -9. Let y = z + 2. What is the remainder when 5 is divided by y?
1
What is the remainder when 3 is divided by (1 - 0)*-1 + 4?
0
Let k be 4/(-14) - (-46)/14. Suppose 69 = -0*v + k*v. Let p = 34 - v. What is the remainder when p is divided by 6?
5
Let u(n) = 9*n + 2. What is the remainder when 57 is divided by u(2)?
17
Let v = 84 + -45. Suppose v = -j + 4*j. Suppose -y = 2*n - 0 - 11, 4*y - 28 = -4*n. Calculate the remainder when j is divided by n.
1
Let t(b) = 3*b + 22. What is the remainder when 88 is divided by t(-3)?
10
Suppose 0 = -4*s - 0*s + 16. Suppose l - 5*a = 3*l - 39, s*l = 4*a + 36. What is the remainder when 23 is divided by l?
11
Suppose -3*g - 7*m = -3*m - 86, -3*m = g - 37. Calculate the remainder when (-4)/g + 804/66 is divided by 6.
0
Let v(x) = -x**2 + x + 29. Suppose -5*a = -2*j + 3 - 1, 5 = 5*j + 5*a. Suppose -l + j + 14 = 0. What is the remainder when v(0) is divided by l?
14
Let p(r) = -r**2 + 7*r + 6. Let n(t) = 0*t + 0*t**2 + 2*t**2 + 1 - t. Calculate the remainder when n(-3) is divided by p(6).
10
Let g(n) = 4*n. Let z be g(1). Let x be (2 + -1)*0/4. Suppose -y + z*u = -29, 2*y + y + u -